{"id":3547,"date":"2023-10-16T19:37:39","date_gmt":"2023-10-16T17:37:39","guid":{"rendered":"http:\/\/www.tonkijski.pl\/?page_id=3547"},"modified":"2024-01-31T16:04:31","modified_gmt":"2024-01-31T15:04:31","slug":"08-09-07-2023-wcf-cat-olimpia","status":"publish","type":"page","link":"http:\/\/tonkijski.pl\/?page_id=3547","title":{"rendered":"08-09.07.2023 Wystawa Pruszk\u00f3w &#8211; WCF CAT OLIMPIA"},"content":{"rendered":"<p>Presti\u017cowa i bardzo wa\u017cna dla nas wystawa \u015bwiatowa WCF CAT OLIMPIA 2023 w Pruszkowie \ud83c\udf8a\ud83e\udd70<\/p><p>Dziewczyny nasze Emily FeliTonki i Damaris FeliTonki wykona\u0142y zak\u0142adany plan w 100%.<\/p><p>W pierwszym dniu wystawy obie doko\u0144czy\u0142y tytu\u0142 ICH &#8211; International Champion oraz obie otrzyma\u0142y NOM BIS \ud83c\udfc6\ud83c\udfc6<\/p><p>Emilka bardzo, bardzo spodoba\u0142a si\u0119 s\u0119dziemu z Niemiec &#8211; panu Jurgenowi Trautmannowi \u2665\ufe0f<\/p><p>Damaris otrzyma\u0142a NOM BIS od s\u0119dzi Ingi Balchiuniene z Litwy \ud83d\ude42<\/p><p>W drugim dniu dziewczyny zdoby\u0142y po pierwszym z wymaganych trzech certyfikat\u00f3w do tytu\u0142u Grand International Champion &#8211; droga do tytu\u0142u otwarta \ud83e\udd70<\/p><p>Emilka otrzyma\u0142a NOM BIS od s\u0119dzi z Niemiec Cornelii Hungerecker \ud83d\ude0a<\/p><p>Czujemy troch\u0119 niedosyt, poniewa\u017c o ma\u0142y w\u0142os Emily wygra\u0142aby Best in Show &#8211; jednym g\u0142osem 4:5 przegra\u0142a z kotk\u0105 innej rasy &#8211; w\u015br\u00f3d kotek tonkijskich by\u0142a najlepsza \ud83d\ude0d\ud83d\udc4f<\/p><p>Na wystawie bra\u0142o udzia\u0142 ok. 370 kot\u00f3w praktycznie z ca\u0142ej Europy, wi\u0119c zdobyte oceny i wyr\u00f3\u017cnienia obu dziewczyn potwierdzaj\u0105 dobry kierunek rozwoju naszej hodowli \ud83d\ude42<\/p><figure class=\"wp-block-gallery has-nested-images columns-4 is-cropped wp-block-gallery-1 is-layout-flex wp-block-gallery-is-layout-flex\"><figure class=\"wp-block-image size-large\"><a href=\"http:\/\/www.tonkijski.pl\/wp-content\/uploads\/2023\/10\/IMG_3729.jpeg\" data-mce-href=\"http:\/\/www.tonkijski.pl\/wp-content\/uploads\/2023\/10\/IMG_3729.jpeg\"><img loading=\"lazy\" decoding=\"async\" width=\"823\" height=\"1200\" data-id=\"3695\" src=\"http:\/\/www.tonkijski.pl\/wp-content\/uploads\/2023\/10\/IMG_3729.jpeg\" alt=\"\" class=\"wp-image-3695\" data-mce-src=\"http:\/\/www.tonkijski.pl\/wp-content\/uploads\/2023\/10\/IMG_3729.jpeg\" srcset=\"http:\/\/tonkijski.pl\/wp-content\/uploads\/2023\/10\/IMG_3729.jpeg 823w, http:\/\/tonkijski.pl\/wp-content\/uploads\/2023\/10\/IMG_3729-768x1119.jpeg 768w, http:\/\/tonkijski.pl\/wp-content\/uploads\/2023\/10\/IMG_3729-100x145.jpeg 100w, http:\/\/tonkijski.pl\/wp-content\/uploads\/2023\/10\/IMG_3729-230x335.jpeg 230w, http:\/\/tonkijski.pl\/wp-content\/uploads\/2023\/10\/IMG_3729-600x874.jpeg 600w\" sizes=\"auto, (max-width: 823px) 100vw, 823px\" \/><\/a><\/figure><figure class=\"wp-block-image size-large\"><a href=\"http:\/\/www.tonkijski.pl\/wp-content\/uploads\/2023\/10\/IMG_3734.jpeg\" data-mce-href=\"http:\/\/www.tonkijski.pl\/wp-content\/uploads\/2023\/10\/IMG_3734.jpeg\"><img loading=\"lazy\" decoding=\"async\" width=\"1017\" height=\"1200\" data-id=\"3702\" src=\"http:\/\/www.tonkijski.pl\/wp-content\/uploads\/2023\/10\/IMG_3734.jpeg\" alt=\"\" class=\"wp-image-3702\" data-mce-src=\"http:\/\/www.tonkijski.pl\/wp-content\/uploads\/2023\/10\/IMG_3734.jpeg\" srcset=\"http:\/\/tonkijski.pl\/wp-content\/uploads\/2023\/10\/IMG_3734.jpeg 1017w, http:\/\/tonkijski.pl\/wp-content\/uploads\/2023\/10\/IMG_3734-768x906.jpeg 768w, http:\/\/tonkijski.pl\/wp-content\/uploads\/2023\/10\/IMG_3734-100x117.jpeg 100w, http:\/\/tonkijski.pl\/wp-content\/uploads\/2023\/10\/IMG_3734-230x271.jpeg 230w, http:\/\/tonkijski.pl\/wp-content\/uploads\/2023\/10\/IMG_3734-600x707.jpeg 600w\" sizes=\"auto, (max-width: 1017px) 100vw, 1017px\" \/><\/a><\/figure><figure class=\"wp-block-image size-large\"><a href=\"http:\/\/www.tonkijski.pl\/wp-content\/uploads\/2023\/10\/IMG_3743.jpeg\" data-mce-href=\"http:\/\/www.tonkijski.pl\/wp-content\/uploads\/2023\/10\/IMG_3743.jpeg\"><img loading=\"lazy\" decoding=\"async\" width=\"808\" height=\"1200\" data-id=\"3700\" src=\"http:\/\/www.tonkijski.pl\/wp-content\/uploads\/2023\/10\/IMG_3743.jpeg\" alt=\"\" class=\"wp-image-3700\" data-mce-src=\"http:\/\/www.tonkijski.pl\/wp-content\/uploads\/2023\/10\/IMG_3743.jpeg\" srcset=\"http:\/\/tonkijski.pl\/wp-content\/uploads\/2023\/10\/IMG_3743.jpeg 808w, http:\/\/tonkijski.pl\/wp-content\/uploads\/2023\/10\/IMG_3743-768x1140.jpeg 768w, http:\/\/tonkijski.pl\/wp-content\/uploads\/2023\/10\/IMG_3743-100x148.jpeg 100w, http:\/\/tonkijski.pl\/wp-content\/uploads\/2023\/10\/IMG_3743-230x341.jpeg 230w, http:\/\/tonkijski.pl\/wp-content\/uploads\/2023\/10\/IMG_3743-600x891.jpeg 600w\" sizes=\"auto, (max-width: 808px) 100vw, 808px\" \/><\/a><\/figure><figure class=\"wp-block-image size-large\"><a href=\"http:\/\/www.tonkijski.pl\/wp-content\/uploads\/2023\/10\/IMG_3747-1.jpeg\" data-mce-href=\"http:\/\/www.tonkijski.pl\/wp-content\/uploads\/2023\/10\/IMG_3747-1.jpeg\"><img loading=\"lazy\" decoding=\"async\" width=\"1267\" height=\"1200\" data-id=\"3699\" src=\"http:\/\/www.tonkijski.pl\/wp-content\/uploads\/2023\/10\/IMG_3747-1.jpeg\" alt=\"\" class=\"wp-image-3699\" data-mce-src=\"http:\/\/www.tonkijski.pl\/wp-content\/uploads\/2023\/10\/IMG_3747-1.jpeg\" srcset=\"http:\/\/tonkijski.pl\/wp-content\/uploads\/2023\/10\/IMG_3747-1.jpeg 1267w, http:\/\/tonkijski.pl\/wp-content\/uploads\/2023\/10\/IMG_3747-1-768x727.jpeg 768w, http:\/\/tonkijski.pl\/wp-content\/uploads\/2023\/10\/IMG_3747-1-100x94.jpeg 100w, http:\/\/tonkijski.pl\/wp-content\/uploads\/2023\/10\/IMG_3747-1-230x217.jpeg 230w, http:\/\/tonkijski.pl\/wp-content\/uploads\/2023\/10\/IMG_3747-1-600x568.jpeg 600w\" sizes=\"auto, (max-width: 1267px) 100vw, 1267px\" \/><\/a><\/figure><figure class=\"wp-block-image size-large\"><a href=\"http:\/\/www.tonkijski.pl\/wp-content\/uploads\/2023\/10\/IMG_3750.jpeg\" data-mce-href=\"http:\/\/www.tonkijski.pl\/wp-content\/uploads\/2023\/10\/IMG_3750.jpeg\"><img loading=\"lazy\" decoding=\"async\" width=\"938\" height=\"1200\" data-id=\"3697\" src=\"http:\/\/www.tonkijski.pl\/wp-content\/uploads\/2023\/10\/IMG_3750.jpeg\" alt=\"\" class=\"wp-image-3697\" data-mce-src=\"http:\/\/www.tonkijski.pl\/wp-content\/uploads\/2023\/10\/IMG_3750.jpeg\" srcset=\"http:\/\/tonkijski.pl\/wp-content\/uploads\/2023\/10\/IMG_3750.jpeg 938w, http:\/\/tonkijski.pl\/wp-content\/uploads\/2023\/10\/IMG_3750-768x982.jpeg 768w, http:\/\/tonkijski.pl\/wp-content\/uploads\/2023\/10\/IMG_3750-100x127.jpeg 100w, http:\/\/tonkijski.pl\/wp-content\/uploads\/2023\/10\/IMG_3750-230x294.jpeg 230w, http:\/\/tonkijski.pl\/wp-content\/uploads\/2023\/10\/IMG_3750-600x767.jpeg 600w\" sizes=\"auto, (max-width: 938px) 100vw, 938px\" \/><\/a><\/figure><figure class=\"wp-block-image size-large\"><a href=\"http:\/\/www.tonkijski.pl\/wp-content\/uploads\/2023\/10\/IMG_3758.jpeg\" data-mce-href=\"http:\/\/www.tonkijski.pl\/wp-content\/uploads\/2023\/10\/IMG_3758.jpeg\"><img loading=\"lazy\" decoding=\"async\" width=\"888\" height=\"1200\" data-id=\"3696\" src=\"http:\/\/www.tonkijski.pl\/wp-content\/uploads\/2023\/10\/IMG_3758.jpeg\" alt=\"\" class=\"wp-image-3696\" data-mce-src=\"http:\/\/www.tonkijski.pl\/wp-content\/uploads\/2023\/10\/IMG_3758.jpeg\" srcset=\"http:\/\/tonkijski.pl\/wp-content\/uploads\/2023\/10\/IMG_3758.jpeg 888w, http:\/\/tonkijski.pl\/wp-content\/uploads\/2023\/10\/IMG_3758-768x1037.jpeg 768w, http:\/\/tonkijski.pl\/wp-content\/uploads\/2023\/10\/IMG_3758-100x135.jpeg 100w, http:\/\/tonkijski.pl\/wp-content\/uploads\/2023\/10\/IMG_3758-230x310.jpeg 230w, http:\/\/tonkijski.pl\/wp-content\/uploads\/2023\/10\/IMG_3758-600x810.jpeg 600w\" sizes=\"auto, (max-width: 888px) 100vw, 888px\" \/><\/a><\/figure><figure class=\"wp-block-image size-large\"><a href=\"http:\/\/www.tonkijski.pl\/wp-content\/uploads\/2023\/10\/IMG_3764.jpeg\" data-mce-href=\"http:\/\/www.tonkijski.pl\/wp-content\/uploads\/2023\/10\/IMG_3764.jpeg\"><img loading=\"lazy\" decoding=\"async\" width=\"1560\" height=\"1200\" data-id=\"3701\" src=\"http:\/\/www.tonkijski.pl\/wp-content\/uploads\/2023\/10\/IMG_3764.jpeg\" alt=\"\" class=\"wp-image-3701\" data-mce-src=\"http:\/\/www.tonkijski.pl\/wp-content\/uploads\/2023\/10\/IMG_3764.jpeg\" srcset=\"http:\/\/tonkijski.pl\/wp-content\/uploads\/2023\/10\/IMG_3764.jpeg 1560w, http:\/\/tonkijski.pl\/wp-content\/uploads\/2023\/10\/IMG_3764-768x590.jpeg 768w, http:\/\/tonkijski.pl\/wp-content\/uploads\/2023\/10\/IMG_3764-100x76.jpeg 100w, http:\/\/tonkijski.pl\/wp-content\/uploads\/2023\/10\/IMG_3764-230x176.jpeg 230w, http:\/\/tonkijski.pl\/wp-content\/uploads\/2023\/10\/IMG_3764-600x461.jpeg 600w\" sizes=\"auto, (max-width: 1560px) 100vw, 1560px\" \/><\/a><\/figure><figure class=\"wp-block-image size-large\"><a href=\"http:\/\/www.tonkijski.pl\/wp-content\/uploads\/2023\/10\/IMG_3765.jpeg\" data-mce-href=\"http:\/\/www.tonkijski.pl\/wp-content\/uploads\/2023\/10\/IMG_3765.jpeg\"><img loading=\"lazy\" decoding=\"async\" width=\"1594\" height=\"1200\" data-id=\"3698\" src=\"http:\/\/www.tonkijski.pl\/wp-content\/uploads\/2023\/10\/IMG_3765.jpeg\" alt=\"\" class=\"wp-image-3698\" data-mce-src=\"http:\/\/www.tonkijski.pl\/wp-content\/uploads\/2023\/10\/IMG_3765.jpeg\" srcset=\"http:\/\/tonkijski.pl\/wp-content\/uploads\/2023\/10\/IMG_3765.jpeg 1594w, http:\/\/tonkijski.pl\/wp-content\/uploads\/2023\/10\/IMG_3765-768x578.jpeg 768w, http:\/\/tonkijski.pl\/wp-content\/uploads\/2023\/10\/IMG_3765-100x75.jpeg 100w, http:\/\/tonkijski.pl\/wp-content\/uploads\/2023\/10\/IMG_3765-230x173.jpeg 230w, http:\/\/tonkijski.pl\/wp-content\/uploads\/2023\/10\/IMG_3765-600x451.jpeg 600w\" sizes=\"auto, (max-width: 1594px) 100vw, 1594px\" \/><\/a><\/figure><\/figure>","protected":false},"excerpt":{"rendered":"<p>Presti\u017cowa i bardzo wa\u017cna dla nas wystawa \u015bwiatowa WCF CAT OLIMPIA 2023 w Pruszkowie \ud83c\udf8a\ud83e\udd70 Dziewczyny nasze Emily FeliTonki i Damaris FeliTonki wykona\u0142y zak\u0142adany plan w 100%. W pierwszym dniu wystawy obie doko\u0144czy\u0142y tytu\u0142 ICH &#8211; International Champion oraz obie otrzyma\u0142y NOM BIS \ud83c\udfc6\ud83c\udfc6 Emilka bardzo, bardzo spodoba\u0142a si\u0119 s\u0119dziemu z Niemiec &#8211; panu Jurgenowi Trautmannowi \u2665\ufe0f Damaris otrzyma\u0142a NOM BIS od s\u0119dzi Ingi Balchiuniene z Litwy \ud83d\ude42 W drugim dniu dziewczyny zdoby\u0142y po pierwszym z wymaganych trzech certyfikat\u00f3w do tytu\u0142u Grand International Champion &#8211; droga do tytu\u0142u otwarta \ud83e\udd70 Emilka otrzyma\u0142a NOM BIS od s\u0119dzi z Niemiec Cornelii Hungerecker \ud83d\ude0a Czujemy troch\u0119 niedosyt, poniewa\u017c o ma\u0142y w\u0142os Emily wygra\u0142aby Best in Show &#8211; jednym g\u0142osem 4:5 przegra\u0142a z kotk\u0105 innej rasy &#8211; w\u015br\u00f3d kotek tonkijskich by\u0142a najlepsza \ud83d\ude0d\ud83d\udc4f Na wystawie bra\u0142o udzia\u0142 ok. 370 kot\u00f3w praktycznie z ca\u0142ej Europy, wi\u0119c zdobyte oceny i wyr\u00f3\u017cnienia obu dziewczyn potwierdzaj\u0105 dobry kierunek rozwoju naszej hodowli \ud83d\ude42<\/p>\n","protected":false},"author":1,"featured_media":0,"parent":0,"menu_order":0,"comment_status":"closed","ping_status":"closed","template":"","meta":{"ngg_post_thumbnail":0,"footnotes":""},"class_list":["post-3547","page","type-page","status-publish","hentry"],"yoast_head":"<!-- This site is optimized with the Yoast SEO plugin v25.3.1 - https:\/\/yoast.com\/wordpress\/plugins\/seo\/ -->\n<title>08-09.07.2023 Wystawa Pruszk\u00f3w - WCF CAT OLIMPIA - FELITONKI*PL - Koty Tonkijskie<\/title>\n<meta name=\"robots\" content=\"index, follow, max-snippet:-1, max-image-preview:large, max-video-preview:-1\" \/>\n<link rel=\"canonical\" href=\"https:\/\/tonkijski.pl\/?page_id=3547\" \/>\n<meta property=\"og:locale\" content=\"pl_PL\" \/>\n<meta property=\"og:type\" content=\"article\" \/>\n<meta property=\"og:title\" content=\"08-09.07.2023 Wystawa Pruszk\u00f3w - WCF CAT OLIMPIA - FELITONKI*PL - Koty Tonkijskie\" \/>\n<meta property=\"og:description\" content=\"Presti\u017cowa i bardzo wa\u017cna dla nas wystawa \u015bwiatowa WCF CAT OLIMPIA 2023 w Pruszkowie \ud83c\udf8a\ud83e\udd70 Dziewczyny nasze Emily FeliTonki i Damaris FeliTonki wykona\u0142y zak\u0142adany plan w 100%. W pierwszym dniu wystawy obie doko\u0144czy\u0142y tytu\u0142 ICH &#8211; International Champion oraz obie otrzyma\u0142y NOM BIS \ud83c\udfc6\ud83c\udfc6 Emilka bardzo, bardzo spodoba\u0142a si\u0119 s\u0119dziemu z Niemiec &#8211; panu Jurgenowi Trautmannowi \u2665\ufe0f Damaris otrzyma\u0142a NOM BIS od s\u0119dzi Ingi Balchiuniene z Litwy \ud83d\ude42 W drugim dniu dziewczyny zdoby\u0142y po pierwszym z wymaganych trzech certyfikat\u00f3w do tytu\u0142u Grand International Champion &#8211; droga do tytu\u0142u otwarta \ud83e\udd70 Emilka otrzyma\u0142a NOM BIS od s\u0119dzi z Niemiec Cornelii Hungerecker \ud83d\ude0a Czujemy troch\u0119 niedosyt, poniewa\u017c o ma\u0142y w\u0142os Emily wygra\u0142aby Best in Show &#8211; jednym g\u0142osem 4:5 przegra\u0142a z kotk\u0105 innej rasy &#8211; w\u015br\u00f3d kotek tonkijskich by\u0142a najlepsza \ud83d\ude0d\ud83d\udc4f Na wystawie bra\u0142o udzia\u0142 ok. 370 kot\u00f3w praktycznie z ca\u0142ej Europy, wi\u0119c zdobyte oceny i wyr\u00f3\u017cnienia obu dziewczyn potwierdzaj\u0105 dobry kierunek rozwoju naszej hodowli \ud83d\ude42\" \/>\n<meta property=\"og:url\" content=\"https:\/\/tonkijski.pl\/?page_id=3547\" \/>\n<meta property=\"og:site_name\" content=\"FELITONKI*PL - Koty Tonkijskie\" \/>\n<meta property=\"article:modified_time\" content=\"2024-01-31T15:04:31+00:00\" \/>\n<meta property=\"og:image\" content=\"http:\/\/www.tonkijski.pl\/wp-content\/uploads\/2023\/10\/IMG_3729.jpeg\" \/>\n<meta name=\"twitter:card\" content=\"summary_large_image\" \/>\n<meta name=\"twitter:label1\" content=\"Szacowany czas czytania\" \/>\n\t<meta name=\"twitter:data1\" content=\"3 minuty\" \/>\n<script type=\"application\/ld+json\" class=\"yoast-schema-graph\">{\"@context\":\"https:\/\/schema.org\",\"@graph\":[{\"@type\":\"WebPage\",\"@id\":\"https:\/\/tonkijski.pl\/?page_id=3547\",\"url\":\"https:\/\/tonkijski.pl\/?page_id=3547\",\"name\":\"08-09.07.2023 Wystawa Pruszk\u00f3w - WCF CAT OLIMPIA - FELITONKI*PL - Koty Tonkijskie\",\"isPartOf\":{\"@id\":\"http:\/\/tonkijski.pl\/#website\"},\"primaryImageOfPage\":{\"@id\":\"https:\/\/tonkijski.pl\/?page_id=3547#primaryimage\"},\"image\":{\"@id\":\"https:\/\/tonkijski.pl\/?page_id=3547#primaryimage\"},\"thumbnailUrl\":\"http:\/\/www.tonkijski.pl\/wp-content\/uploads\/2023\/10\/IMG_3729.jpeg\",\"datePublished\":\"2023-10-16T17:37:39+00:00\",\"dateModified\":\"2024-01-31T15:04:31+00:00\",\"breadcrumb\":{\"@id\":\"https:\/\/tonkijski.pl\/?page_id=3547#breadcrumb\"},\"inLanguage\":\"pl-PL\",\"potentialAction\":[{\"@type\":\"ReadAction\",\"target\":[\"https:\/\/tonkijski.pl\/?page_id=3547\"]}]},{\"@type\":\"ImageObject\",\"inLanguage\":\"pl-PL\",\"@id\":\"https:\/\/tonkijski.pl\/?page_id=3547#primaryimage\",\"url\":\"http:\/\/www.tonkijski.pl\/wp-content\/uploads\/2023\/10\/IMG_3729.jpeg\",\"contentUrl\":\"http:\/\/www.tonkijski.pl\/wp-content\/uploads\/2023\/10\/IMG_3729.jpeg\"},{\"@type\":\"BreadcrumbList\",\"@id\":\"https:\/\/tonkijski.pl\/?page_id=3547#breadcrumb\",\"itemListElement\":[{\"@type\":\"ListItem\",\"position\":1,\"name\":\"Home\",\"item\":\"http:\/\/tonkijski.pl\/\"},{\"@type\":\"ListItem\",\"position\":2,\"name\":\"08-09.07.2023 Wystawa Pruszk\u00f3w &#8211; WCF CAT OLIMPIA\"}]},{\"@type\":\"WebSite\",\"@id\":\"http:\/\/tonkijski.pl\/#website\",\"url\":\"http:\/\/tonkijski.pl\/\",\"name\":\"FELITONKI*PL - Koty Tonkijskie\",\"description\":\"\",\"potentialAction\":[{\"@type\":\"SearchAction\",\"target\":{\"@type\":\"EntryPoint\",\"urlTemplate\":\"http:\/\/tonkijski.pl\/?s={search_term_string}\"},\"query-input\":{\"@type\":\"PropertyValueSpecification\",\"valueRequired\":true,\"valueName\":\"search_term_string\"}}],\"inLanguage\":\"pl-PL\"}]}<\/script>\n<!-- \/ Yoast SEO plugin. -->","yoast_head_json":{"title":"08-09.07.2023 Wystawa Pruszk\u00f3w - WCF CAT OLIMPIA - FELITONKI*PL - Koty Tonkijskie","robots":{"index":"index","follow":"follow","max-snippet":"max-snippet:-1","max-image-preview":"max-image-preview:large","max-video-preview":"max-video-preview:-1"},"canonical":"https:\/\/tonkijski.pl\/?page_id=3547","og_locale":"pl_PL","og_type":"article","og_title":"08-09.07.2023 Wystawa Pruszk\u00f3w - WCF CAT OLIMPIA - FELITONKI*PL - Koty Tonkijskie","og_description":"Presti\u017cowa i bardzo wa\u017cna dla nas wystawa \u015bwiatowa WCF CAT OLIMPIA 2023 w Pruszkowie \ud83c\udf8a\ud83e\udd70 Dziewczyny nasze Emily FeliTonki i Damaris FeliTonki wykona\u0142y zak\u0142adany plan w 100%. W pierwszym dniu wystawy obie doko\u0144czy\u0142y tytu\u0142 ICH &#8211; International Champion oraz obie otrzyma\u0142y NOM BIS \ud83c\udfc6\ud83c\udfc6 Emilka bardzo, bardzo spodoba\u0142a si\u0119 s\u0119dziemu z Niemiec &#8211; panu Jurgenowi Trautmannowi \u2665\ufe0f Damaris otrzyma\u0142a NOM BIS od s\u0119dzi Ingi Balchiuniene z Litwy \ud83d\ude42 W drugim dniu dziewczyny zdoby\u0142y po pierwszym z wymaganych trzech certyfikat\u00f3w do tytu\u0142u Grand International Champion &#8211; droga do tytu\u0142u otwarta \ud83e\udd70 Emilka otrzyma\u0142a NOM BIS od s\u0119dzi z Niemiec Cornelii Hungerecker \ud83d\ude0a Czujemy troch\u0119 niedosyt, poniewa\u017c o ma\u0142y w\u0142os Emily wygra\u0142aby Best in Show &#8211; jednym g\u0142osem 4:5 przegra\u0142a z kotk\u0105 innej rasy &#8211; w\u015br\u00f3d kotek tonkijskich by\u0142a najlepsza \ud83d\ude0d\ud83d\udc4f Na wystawie bra\u0142o udzia\u0142 ok. 370 kot\u00f3w praktycznie z ca\u0142ej Europy, wi\u0119c zdobyte oceny i wyr\u00f3\u017cnienia obu dziewczyn potwierdzaj\u0105 dobry kierunek rozwoju naszej hodowli \ud83d\ude42","og_url":"https:\/\/tonkijski.pl\/?page_id=3547","og_site_name":"FELITONKI*PL - Koty Tonkijskie","article_modified_time":"2024-01-31T15:04:31+00:00","og_image":[{"url":"http:\/\/www.tonkijski.pl\/wp-content\/uploads\/2023\/10\/IMG_3729.jpeg","type":"","width":"","height":""}],"twitter_card":"summary_large_image","twitter_misc":{"Szacowany czas czytania":"3 minuty"},"schema":{"@context":"https:\/\/schema.org","@graph":[{"@type":"WebPage","@id":"https:\/\/tonkijski.pl\/?page_id=3547","url":"https:\/\/tonkijski.pl\/?page_id=3547","name":"08-09.07.2023 Wystawa Pruszk\u00f3w - WCF CAT OLIMPIA - FELITONKI*PL - Koty Tonkijskie","isPartOf":{"@id":"http:\/\/tonkijski.pl\/#website"},"primaryImageOfPage":{"@id":"https:\/\/tonkijski.pl\/?page_id=3547#primaryimage"},"image":{"@id":"https:\/\/tonkijski.pl\/?page_id=3547#primaryimage"},"thumbnailUrl":"http:\/\/www.tonkijski.pl\/wp-content\/uploads\/2023\/10\/IMG_3729.jpeg","datePublished":"2023-10-16T17:37:39+00:00","dateModified":"2024-01-31T15:04:31+00:00","breadcrumb":{"@id":"https:\/\/tonkijski.pl\/?page_id=3547#breadcrumb"},"inLanguage":"pl-PL","potentialAction":[{"@type":"ReadAction","target":["https:\/\/tonkijski.pl\/?page_id=3547"]}]},{"@type":"ImageObject","inLanguage":"pl-PL","@id":"https:\/\/tonkijski.pl\/?page_id=3547#primaryimage","url":"http:\/\/www.tonkijski.pl\/wp-content\/uploads\/2023\/10\/IMG_3729.jpeg","contentUrl":"http:\/\/www.tonkijski.pl\/wp-content\/uploads\/2023\/10\/IMG_3729.jpeg"},{"@type":"BreadcrumbList","@id":"https:\/\/tonkijski.pl\/?page_id=3547#breadcrumb","itemListElement":[{"@type":"ListItem","position":1,"name":"Home","item":"http:\/\/tonkijski.pl\/"},{"@type":"ListItem","position":2,"name":"08-09.07.2023 Wystawa Pruszk\u00f3w &#8211; WCF CAT OLIMPIA"}]},{"@type":"WebSite","@id":"http:\/\/tonkijski.pl\/#website","url":"http:\/\/tonkijski.pl\/","name":"FELITONKI*PL - Koty Tonkijskie","description":"","potentialAction":[{"@type":"SearchAction","target":{"@type":"EntryPoint","urlTemplate":"http:\/\/tonkijski.pl\/?s={search_term_string}"},"query-input":{"@type":"PropertyValueSpecification","valueRequired":true,"valueName":"search_term_string"}}],"inLanguage":"pl-PL"}]}},"_links":{"self":[{"href":"http:\/\/tonkijski.pl\/index.php?rest_route=\/wp\/v2\/pages\/3547","targetHints":{"allow":["GET"]}}],"collection":[{"href":"http:\/\/tonkijski.pl\/index.php?rest_route=\/wp\/v2\/pages"}],"about":[{"href":"http:\/\/tonkijski.pl\/index.php?rest_route=\/wp\/v2\/types\/page"}],"author":[{"embeddable":true,"href":"http:\/\/tonkijski.pl\/index.php?rest_route=\/wp\/v2\/users\/1"}],"replies":[{"embeddable":true,"href":"http:\/\/tonkijski.pl\/index.php?rest_route=%2Fwp%2Fv2%2Fcomments&post=3547"}],"version-history":[{"count":8,"href":"http:\/\/tonkijski.pl\/index.php?rest_route=\/wp\/v2\/pages\/3547\/revisions"}],"predecessor-version":[{"id":4104,"href":"http:\/\/tonkijski.pl\/index.php?rest_route=\/wp\/v2\/pages\/3547\/revisions\/4104"}],"wp:attachment":[{"href":"http:\/\/tonkijski.pl\/index.php?rest_route=%2Fwp%2Fv2%2Fmedia&parent=3547"}],"curies":[{"name":"wp","href":"https:\/\/api.w.org\/{rel}","templated":true}]}}