{"id":3366,"date":"2023-10-15T11:33:45","date_gmt":"2023-10-15T09:33:45","guid":{"rendered":"http:\/\/www.tonkijski.pl\/?page_id=3366"},"modified":"2023-10-17T16:10:18","modified_gmt":"2023-10-17T14:10:18","slug":"kontakt","status":"publish","type":"page","link":"http:\/\/tonkijski.pl\/?page_id=3366","title":{"rendered":"Kontakt"},"content":{"rendered":"\n<p>tel.: <strong>+48 502077539<\/strong><br>e-mail: <strong><a href=\"mailto:f_krajewska@o2.pl\">f_krajewska@o2.pl<\/a><\/strong><br>adres: <strong>ul. Panoramiczna 2, 58-508 Dziwisz\u00f3w \/ ko\u0142o Jeleniej G\u00f3ry, Dolno\u015bl\u0105skie<\/strong><\/p>\n\n\n\n<p>Mapka dojazdu w za\u0142\u0105czniku:<\/p>\n\n\n\n<p class=\"has-vivid-red-color has-text-color\"><strong>Uwaga! Google map prowadzi na Zielone Wzg\u00f3rze a zjazd jest bezpo\u015brednio w Panoramiczn\u0105! <\/strong><\/p>\n\n\n\n<p>Link do FB:<a href=\"https:\/\/www.facebook.com\/FeliTonki\"> <strong>www.facebook.com\/FeliTonki<\/strong><\/a><br>Link do Instagrama: <a href=\"https:\/\/www.instagram.com\/tonkijski_felitonki_hodowla\"><strong>www.instagram.com\/tonkijski_felitonki_hodowla<\/strong><\/a><\/p>\n\n\n\n<iframe src=\"https:\/\/www.google.com\/maps\/embed?pb=!1m18!1m12!1m3!1d2514.0961425665273!2d15.790779200000005!3d50.940435!2m3!1f0!2f0!3f0!3m2!1i1024!2i768!4f13.1!3m3!1m2!1s0x470ee01ba5bd4b05%3A0x48eece73bb9e09f1!2sPanoramiczna%202%2C%2058-513%20Dziwisz%C3%B3w!5e0!3m2!1spl!2spl!4v1697551121110!5m2!1spl!2spl\" width=\"890\" height=\"450\" style=\"border:0;\" allowfullscreen=\"\" loading=\"lazy\" referrerpolicy=\"no-referrer-when-downgrade\"><\/iframe>\n\n\n\n<figure class=\"wp-block-gallery has-nested-images columns-default is-cropped wp-block-gallery-1 is-layout-flex wp-block-gallery-is-layout-flex\">\n<figure class=\"wp-block-image size-large\"><a href=\"http:\/\/www.tonkijski.pl\/wp-content\/uploads\/2023\/10\/IMG_5638.jpeg\"><img loading=\"lazy\" decoding=\"async\" width=\"1024\" height=\"1024\" data-id=\"3369\" src=\"http:\/\/www.tonkijski.pl\/wp-content\/uploads\/2023\/10\/IMG_5638-1024x1024.jpeg\" alt=\"\" class=\"wp-image-3369\" srcset=\"http:\/\/tonkijski.pl\/wp-content\/uploads\/2023\/10\/IMG_5638-1024x1024.jpeg 1024w, http:\/\/tonkijski.pl\/wp-content\/uploads\/2023\/10\/IMG_5638-300x300.jpeg 300w, http:\/\/tonkijski.pl\/wp-content\/uploads\/2023\/10\/IMG_5638-150x150.jpeg 150w, http:\/\/tonkijski.pl\/wp-content\/uploads\/2023\/10\/IMG_5638-1536x1536.jpeg 1536w, http:\/\/tonkijski.pl\/wp-content\/uploads\/2023\/10\/IMG_5638-2048x2048.jpeg 2048w, http:\/\/tonkijski.pl\/wp-content\/uploads\/2023\/10\/IMG_5638-100x100.jpeg 100w\" sizes=\"auto, (max-width: 1024px) 100vw, 1024px\" \/><\/a><\/figure>\n<\/figure>\n","protected":false},"excerpt":{"rendered":"<p>tel.: +48 502077539e-mail: f_krajewska@o2.pladres: ul. Panoramiczna 2, 58-508 Dziwisz\u00f3w \/ ko\u0142o Jeleniej G\u00f3ry, Dolno\u015bl\u0105skie Mapka dojazdu w za\u0142\u0105czniku: Uwaga! Google map prowadzi na Zielone Wzg\u00f3rze a zjazd jest bezpo\u015brednio w Panoramiczn\u0105! Link do FB: www.facebook.com\/FeliTonkiLink do Instagrama: www.instagram.com\/tonkijski_felitonki_hodowla<\/p>\n","protected":false},"author":1,"featured_media":0,"parent":0,"menu_order":0,"comment_status":"closed","ping_status":"closed","template":"","meta":{"ngg_post_thumbnail":0,"footnotes":""},"class_list":["post-3366","page","type-page","status-publish","hentry"],"yoast_head":"<!-- This site is optimized with the Yoast SEO plugin v25.3.1 - https:\/\/yoast.com\/wordpress\/plugins\/seo\/ -->\n<title>Kontakt - FELITONKI*PL - Koty Tonkijskie<\/title>\n<meta name=\"robots\" content=\"index, follow, max-snippet:-1, max-image-preview:large, max-video-preview:-1\" \/>\n<link rel=\"canonical\" href=\"https:\/\/tonkijski.pl\/?page_id=3366\" \/>\n<meta property=\"og:locale\" content=\"pl_PL\" \/>\n<meta property=\"og:type\" content=\"article\" \/>\n<meta property=\"og:title\" content=\"Kontakt - FELITONKI*PL - Koty Tonkijskie\" \/>\n<meta property=\"og:description\" content=\"tel.: +48 502077539e-mail: f_krajewska@o2.pladres: ul. Panoramiczna 2, 58-508 Dziwisz\u00f3w \/ ko\u0142o Jeleniej G\u00f3ry, Dolno\u015bl\u0105skie Mapka dojazdu w za\u0142\u0105czniku: Uwaga! Google map prowadzi na Zielone Wzg\u00f3rze a zjazd jest bezpo\u015brednio w Panoramiczn\u0105! Link do FB: www.facebook.com\/FeliTonkiLink do Instagrama: www.instagram.com\/tonkijski_felitonki_hodowla\" \/>\n<meta property=\"og:url\" content=\"https:\/\/tonkijski.pl\/?page_id=3366\" \/>\n<meta property=\"og:site_name\" content=\"FELITONKI*PL - Koty Tonkijskie\" \/>\n<meta property=\"article:modified_time\" content=\"2023-10-17T14:10:18+00:00\" \/>\n<meta property=\"og:image\" content=\"http:\/\/www.tonkijski.pl\/wp-content\/uploads\/2023\/10\/IMG_5638-1024x1024.jpeg\" \/>\n<meta name=\"twitter:card\" content=\"summary_large_image\" \/>\n<meta name=\"twitter:label1\" content=\"Szacowany czas czytania\" \/>\n\t<meta name=\"twitter:data1\" content=\"1 minuta\" \/>\n<script type=\"application\/ld+json\" class=\"yoast-schema-graph\">{\"@context\":\"https:\/\/schema.org\",\"@graph\":[{\"@type\":\"WebPage\",\"@id\":\"https:\/\/tonkijski.pl\/?page_id=3366\",\"url\":\"https:\/\/tonkijski.pl\/?page_id=3366\",\"name\":\"Kontakt - FELITONKI*PL - Koty Tonkijskie\",\"isPartOf\":{\"@id\":\"http:\/\/tonkijski.pl\/#website\"},\"primaryImageOfPage\":{\"@id\":\"https:\/\/tonkijski.pl\/?page_id=3366#primaryimage\"},\"image\":{\"@id\":\"https:\/\/tonkijski.pl\/?page_id=3366#primaryimage\"},\"thumbnailUrl\":\"http:\/\/www.tonkijski.pl\/wp-content\/uploads\/2023\/10\/IMG_5638-1024x1024.jpeg\",\"datePublished\":\"2023-10-15T09:33:45+00:00\",\"dateModified\":\"2023-10-17T14:10:18+00:00\",\"breadcrumb\":{\"@id\":\"https:\/\/tonkijski.pl\/?page_id=3366#breadcrumb\"},\"inLanguage\":\"pl-PL\",\"potentialAction\":[{\"@type\":\"ReadAction\",\"target\":[\"https:\/\/tonkijski.pl\/?page_id=3366\"]}]},{\"@type\":\"ImageObject\",\"inLanguage\":\"pl-PL\",\"@id\":\"https:\/\/tonkijski.pl\/?page_id=3366#primaryimage\",\"url\":\"http:\/\/www.tonkijski.pl\/wp-content\/uploads\/2023\/10\/IMG_5638-1024x1024.jpeg\",\"contentUrl\":\"http:\/\/www.tonkijski.pl\/wp-content\/uploads\/2023\/10\/IMG_5638-1024x1024.jpeg\"},{\"@type\":\"BreadcrumbList\",\"@id\":\"https:\/\/tonkijski.pl\/?page_id=3366#breadcrumb\",\"itemListElement\":[{\"@type\":\"ListItem\",\"position\":1,\"name\":\"Home\",\"item\":\"http:\/\/tonkijski.pl\/\"},{\"@type\":\"ListItem\",\"position\":2,\"name\":\"Kontakt\"}]},{\"@type\":\"WebSite\",\"@id\":\"http:\/\/tonkijski.pl\/#website\",\"url\":\"http:\/\/tonkijski.pl\/\",\"name\":\"FELITONKI*PL - Koty Tonkijskie\",\"description\":\"\",\"potentialAction\":[{\"@type\":\"SearchAction\",\"target\":{\"@type\":\"EntryPoint\",\"urlTemplate\":\"http:\/\/tonkijski.pl\/?s={search_term_string}\"},\"query-input\":{\"@type\":\"PropertyValueSpecification\",\"valueRequired\":true,\"valueName\":\"search_term_string\"}}],\"inLanguage\":\"pl-PL\"}]}<\/script>\n<!-- \/ Yoast SEO plugin. -->","yoast_head_json":{"title":"Kontakt - FELITONKI*PL - Koty Tonkijskie","robots":{"index":"index","follow":"follow","max-snippet":"max-snippet:-1","max-image-preview":"max-image-preview:large","max-video-preview":"max-video-preview:-1"},"canonical":"https:\/\/tonkijski.pl\/?page_id=3366","og_locale":"pl_PL","og_type":"article","og_title":"Kontakt - FELITONKI*PL - Koty Tonkijskie","og_description":"tel.: +48 502077539e-mail: f_krajewska@o2.pladres: ul. Panoramiczna 2, 58-508 Dziwisz\u00f3w \/ ko\u0142o Jeleniej G\u00f3ry, Dolno\u015bl\u0105skie Mapka dojazdu w za\u0142\u0105czniku: Uwaga! Google map prowadzi na Zielone Wzg\u00f3rze a zjazd jest bezpo\u015brednio w Panoramiczn\u0105! Link do FB: www.facebook.com\/FeliTonkiLink do Instagrama: www.instagram.com\/tonkijski_felitonki_hodowla","og_url":"https:\/\/tonkijski.pl\/?page_id=3366","og_site_name":"FELITONKI*PL - Koty Tonkijskie","article_modified_time":"2023-10-17T14:10:18+00:00","og_image":[{"url":"http:\/\/www.tonkijski.pl\/wp-content\/uploads\/2023\/10\/IMG_5638-1024x1024.jpeg","type":"","width":"","height":""}],"twitter_card":"summary_large_image","twitter_misc":{"Szacowany czas czytania":"1 minuta"},"schema":{"@context":"https:\/\/schema.org","@graph":[{"@type":"WebPage","@id":"https:\/\/tonkijski.pl\/?page_id=3366","url":"https:\/\/tonkijski.pl\/?page_id=3366","name":"Kontakt - FELITONKI*PL - Koty Tonkijskie","isPartOf":{"@id":"http:\/\/tonkijski.pl\/#website"},"primaryImageOfPage":{"@id":"https:\/\/tonkijski.pl\/?page_id=3366#primaryimage"},"image":{"@id":"https:\/\/tonkijski.pl\/?page_id=3366#primaryimage"},"thumbnailUrl":"http:\/\/www.tonkijski.pl\/wp-content\/uploads\/2023\/10\/IMG_5638-1024x1024.jpeg","datePublished":"2023-10-15T09:33:45+00:00","dateModified":"2023-10-17T14:10:18+00:00","breadcrumb":{"@id":"https:\/\/tonkijski.pl\/?page_id=3366#breadcrumb"},"inLanguage":"pl-PL","potentialAction":[{"@type":"ReadAction","target":["https:\/\/tonkijski.pl\/?page_id=3366"]}]},{"@type":"ImageObject","inLanguage":"pl-PL","@id":"https:\/\/tonkijski.pl\/?page_id=3366#primaryimage","url":"http:\/\/www.tonkijski.pl\/wp-content\/uploads\/2023\/10\/IMG_5638-1024x1024.jpeg","contentUrl":"http:\/\/www.tonkijski.pl\/wp-content\/uploads\/2023\/10\/IMG_5638-1024x1024.jpeg"},{"@type":"BreadcrumbList","@id":"https:\/\/tonkijski.pl\/?page_id=3366#breadcrumb","itemListElement":[{"@type":"ListItem","position":1,"name":"Home","item":"http:\/\/tonkijski.pl\/"},{"@type":"ListItem","position":2,"name":"Kontakt"}]},{"@type":"WebSite","@id":"http:\/\/tonkijski.pl\/#website","url":"http:\/\/tonkijski.pl\/","name":"FELITONKI*PL - Koty Tonkijskie","description":"","potentialAction":[{"@type":"SearchAction","target":{"@type":"EntryPoint","urlTemplate":"http:\/\/tonkijski.pl\/?s={search_term_string}"},"query-input":{"@type":"PropertyValueSpecification","valueRequired":true,"valueName":"search_term_string"}}],"inLanguage":"pl-PL"}]}},"_links":{"self":[{"href":"http:\/\/tonkijski.pl\/index.php?rest_route=\/wp\/v2\/pages\/3366","targetHints":{"allow":["GET"]}}],"collection":[{"href":"http:\/\/tonkijski.pl\/index.php?rest_route=\/wp\/v2\/pages"}],"about":[{"href":"http:\/\/tonkijski.pl\/index.php?rest_route=\/wp\/v2\/types\/page"}],"author":[{"embeddable":true,"href":"http:\/\/tonkijski.pl\/index.php?rest_route=\/wp\/v2\/users\/1"}],"replies":[{"embeddable":true,"href":"http:\/\/tonkijski.pl\/index.php?rest_route=%2Fwp%2Fv2%2Fcomments&post=3366"}],"version-history":[{"count":16,"href":"http:\/\/tonkijski.pl\/index.php?rest_route=\/wp\/v2\/pages\/3366\/revisions"}],"predecessor-version":[{"id":3903,"href":"http:\/\/tonkijski.pl\/index.php?rest_route=\/wp\/v2\/pages\/3366\/revisions\/3903"}],"wp:attachment":[{"href":"http:\/\/tonkijski.pl\/index.php?rest_route=%2Fwp%2Fv2%2Fmedia&parent=3366"}],"curies":[{"name":"wp","href":"https:\/\/api.w.org\/{rel}","templated":true}]}}